[INFO] cloning repository https://github.com/ppraisethesun/advent_2019_rs
[INFO] running `Command { std: "git" "-c" "credential.helper=" "-c" "credential.helper=/workspace/cargo-home/bin/git-credential-null" "clone" "--bare" "https://github.com/ppraisethesun/advent_2019_rs" "/workspace/cache/git-repos/https%3A%2F%2Fgithub.com%2Fppraisethesun%2Fadvent_2019_rs", kill_on_drop: false }`
[INFO] [stderr] Cloning into bare repository '/workspace/cache/git-repos/https%3A%2F%2Fgithub.com%2Fppraisethesun%2Fadvent_2019_rs'...
[INFO] running `Command { std: "git" "rev-parse" "HEAD", kill_on_drop: false }`
[INFO] [stdout] 5ff348f396daab407b9467702919b7be83345ef0
[INFO] checking ppraisethesun/advent_2019_rs against master#cfbc6d4cf1acbac5c025acf8ed68929caa551df3 for pr-75494-beta
[INFO] running `Command { std: "git" "clone" "/workspace/cache/git-repos/https%3A%2F%2Fgithub.com%2Fppraisethesun%2Fadvent_2019_rs" "/workspace/builds/worker-9/source", kill_on_drop: false }`
[INFO] [stderr] Cloning into '/workspace/builds/worker-9/source'...
[INFO] [stderr] done.
[INFO] validating manifest of git repo https://github.com/ppraisethesun/advent_2019_rs on toolchain cfbc6d4cf1acbac5c025acf8ed68929caa551df3
[INFO] running `Command { std: "/workspace/cargo-home/bin/cargo" "+cfbc6d4cf1acbac5c025acf8ed68929caa551df3" "read-manifest" "--manifest-path" "Cargo.toml", kill_on_drop: false }`
[INFO] started tweaking git repo https://github.com/ppraisethesun/advent_2019_rs
[INFO] finished tweaking git repo https://github.com/ppraisethesun/advent_2019_rs
[INFO] tweaked toml for git repo https://github.com/ppraisethesun/advent_2019_rs written to /workspace/builds/worker-9/source/Cargo.toml
[INFO] crate git repo https://github.com/ppraisethesun/advent_2019_rs already has a lockfile, it will not be regenerated
[INFO] running `Command { std: "/workspace/cargo-home/bin/cargo" "+cfbc6d4cf1acbac5c025acf8ed68929caa551df3" "fetch" "--locked" "--manifest-path" "Cargo.toml", kill_on_drop: false }`
[INFO] [stderr]  Downloading crates ...
[INFO] [stderr]   Downloaded aoc-runner-derive v0.2.2
[INFO] [stderr]   Downloaded piston2d-gfx_graphics v0.66.0
[INFO] [stderr]   Downloaded piston_window v0.105.0
[INFO] [stderr]   Downloaded svg v0.6.0
[INFO] [stderr]   Downloaded serde_json v1.0.43
[INFO] [stderr]   Downloaded plotters v0.2.11
[INFO] [stderr]   Downloaded piston-gfx_texture v0.40.0
[INFO] running `Command { std: "docker" "create" "-v" "/var/lib/crater-agent-workspace/builds/worker-9/target:/opt/rustwide/target:rw,Z" "-v" "/var/lib/crater-agent-workspace/builds/worker-9/source:/opt/rustwide/workdir:ro,Z" "-v" "/var/lib/crater-agent-workspace/cargo-home:/opt/rustwide/cargo-home:ro,Z" "-v" "/var/lib/crater-agent-workspace/rustup-home:/opt/rustwide/rustup-home:ro,Z" "-e" "SOURCE_DIR=/opt/rustwide/workdir" "-e" "CARGO_TARGET_DIR=/opt/rustwide/target" "-e" "CARGO_HOME=/opt/rustwide/cargo-home" "-e" "RUSTUP_HOME=/opt/rustwide/rustup-home" "-w" "/opt/rustwide/workdir" "-m" "1610612736" "--user" "0:0" "--network" "none" "rustops/crates-build-env@sha256:a636fd89d022f18117e1dc8fb37a0a009933cdbbe082814857f0e2024962d47c" "/opt/rustwide/cargo-home/bin/cargo" "+cfbc6d4cf1acbac5c025acf8ed68929caa551df3" "metadata" "--no-deps" "--format-version=1", kill_on_drop: false }`
[INFO] [stderr] WARNING: Your kernel does not support swap limit capabilities or the cgroup is not mounted. Memory limited without swap.
[INFO] [stdout] e0ccceaf00252d4573a5d3c6501813cafbf40fdd193da10dcc6cd798cfae618d
[INFO] running `Command { std: "docker" "start" "-a" "e0ccceaf00252d4573a5d3c6501813cafbf40fdd193da10dcc6cd798cfae618d", kill_on_drop: false }`
[INFO] running `Command { std: "docker" "inspect" "e0ccceaf00252d4573a5d3c6501813cafbf40fdd193da10dcc6cd798cfae618d", kill_on_drop: false }`
[INFO] running `Command { std: "docker" "rm" "-f" "e0ccceaf00252d4573a5d3c6501813cafbf40fdd193da10dcc6cd798cfae618d", kill_on_drop: false }`
[INFO] [stdout] e0ccceaf00252d4573a5d3c6501813cafbf40fdd193da10dcc6cd798cfae618d
[INFO] running `Command { std: "docker" "create" "-v" "/var/lib/crater-agent-workspace/builds/worker-9/target:/opt/rustwide/target:rw,Z" "-v" "/var/lib/crater-agent-workspace/builds/worker-9/source:/opt/rustwide/workdir:ro,Z" "-v" "/var/lib/crater-agent-workspace/cargo-home:/opt/rustwide/cargo-home:ro,Z" "-v" "/var/lib/crater-agent-workspace/rustup-home:/opt/rustwide/rustup-home:ro,Z" "-e" "SOURCE_DIR=/opt/rustwide/workdir" "-e" "CARGO_TARGET_DIR=/opt/rustwide/target" "-e" "CARGO_INCREMENTAL=0" "-e" "RUST_BACKTRACE=full" "-e" "RUSTFLAGS=--cap-lints=forbid" "-e" "CARGO_HOME=/opt/rustwide/cargo-home" "-e" "RUSTUP_HOME=/opt/rustwide/rustup-home" "-w" "/opt/rustwide/workdir" "-m" "1610612736" "--user" "0:0" "--network" "none" "rustops/crates-build-env@sha256:a636fd89d022f18117e1dc8fb37a0a009933cdbbe082814857f0e2024962d47c" "/opt/rustwide/cargo-home/bin/cargo" "+cfbc6d4cf1acbac5c025acf8ed68929caa551df3" "check" "--frozen" "--all" "--all-targets" "--message-format=json", kill_on_drop: false }`
[INFO] [stdout] 152791c18883e84809ccf2dc04e07188a979541250c5271519f92daaa81bbcd3
[INFO] [stderr] WARNING: Your kernel does not support swap limit capabilities or the cgroup is not mounted. Memory limited without swap.
[INFO] running `Command { std: "docker" "start" "-a" "152791c18883e84809ccf2dc04e07188a979541250c5271519f92daaa81bbcd3", kill_on_drop: false }`
[INFO] [stderr]    Compiling libc v0.2.66
[INFO] [stderr]    Compiling autocfg v0.1.7
[INFO] [stderr]     Checking cfg-if v0.1.10
[INFO] [stderr]    Compiling semver-parser v0.7.0
[INFO] [stderr]    Compiling cc v1.0.48
[INFO] [stderr]     Checking scopeguard v1.0.0
[INFO] [stderr]    Compiling bitflags v1.2.1
[INFO] [stderr]    Compiling proc-macro2 v1.0.6
[INFO] [stderr]    Compiling unicode-xid v0.2.0
[INFO] [stderr]    Compiling syn v1.0.11
[INFO] [stderr]    Compiling pkg-config v0.3.17
[INFO] [stderr]     Checking fnv v1.0.6
[INFO] [stderr]    Compiling serde v1.0.103
[INFO] [stderr]    Compiling getrandom v0.1.13
[INFO] [stderr]     Checking slab v0.4.2
[INFO] [stderr]    Compiling memchr v2.2.1
[INFO] [stderr]     Checking smallvec v1.0.0
[INFO] [stderr]     Checking piston-float v1.0.0
[INFO] [stderr]     Checking matches v0.1.8
[INFO] [stderr]     Checking void v1.0.2
[INFO] [stderr]     Checking same-file v1.0.5
[INFO] [stderr]     Checking percent-encoding v2.1.0
[INFO] [stderr]    Compiling ryu v1.0.2
[INFO] [stderr]    Compiling rayon-core v1.6.1
[INFO] [stderr]     Checking adler32 v1.0.4
[INFO] [stderr]     Checking piston-graphics_api_version v0.2.0
[INFO] [stderr]    Compiling regex-syntax v0.6.12
[INFO] [stderr]    Compiling arrayvec v0.4.12
[INFO] [stderr]     Checking piston-texture v0.8.0
[INFO] [stderr]     Checking interpolation v0.2.0
[INFO] [stderr]    Compiling httparse v1.3.4
[INFO] [stderr]     Checking read_color v1.0.0
[INFO] [stderr]     Checking piston-shaders_graphics2d v0.3.1
[INFO] [stderr]     Checking dtoa v0.4.4
[INFO] [stderr]    Compiling palette v0.4.1
[INFO] [stderr]     Checking sha1 v0.6.0
[INFO] [stderr]     Checking svg v0.6.0
[INFO] [stderr]     Checking hashbrown v0.3.1
[INFO] [stderr]     Checking aoc-runner v0.2.2
[INFO] [stderr]     Checking thread_local v0.3.6
[INFO] [stderr]     Checking actix-service v0.4.2
[INFO] [stderr]     Checking crossbeam-utils v0.6.6
[INFO] [stderr]     Checking tokio-sync v0.1.7
[INFO] [stderr]     Checking lock_api v0.3.2
[INFO] [stderr]     Checking lock_api v0.2.0
[INFO] [stderr]     Checking piston-viewport v1.0.0
[INFO] [stderr]     Checking vecmath v1.0.0
[INFO] [stderr]     Checking unicode-bidi v0.3.4
[INFO] [stderr]    Compiling c2-chacha v0.2.3
[INFO] [stderr]    Compiling semver v0.9.0
[INFO] [stderr]     Checking walkdir v2.2.9
[INFO] [stderr]     Checking unicode-normalization v0.1.11
[INFO] [stderr]     Checking inflate v0.4.5
[INFO] [stderr]     Checking shader_version v0.6.0
[INFO] [stderr]    Compiling num-traits v0.2.10
[INFO] [stderr]    Compiling crossbeam-utils v0.7.0
[INFO] [stderr]    Compiling num-integer v0.1.41
[INFO] [stderr]    Compiling crossbeam-epoch v0.8.0
[INFO] [stderr]    Compiling rand_pcg v0.1.2
[INFO] [stderr]    Compiling rand_chacha v0.1.1
[INFO] [stderr]    Compiling rand v0.6.5
[INFO] [stderr]    Compiling num-rational v0.2.2
[INFO] [stderr]    Compiling num-iter v0.1.39
[INFO] [stderr]    Compiling indexmap v1.3.0
[INFO] [stderr]    Compiling hashbrown v0.6.3
[INFO] [stderr]    Compiling cmake v0.1.42
[INFO] [stderr]     Checking log v0.4.8
[INFO] [stderr]     Checking tokio-executor v0.1.9
[INFO] [stderr]     Checking crossbeam-channel v0.3.9
[INFO] [stderr]     Checking crc32fast v1.2.0
[INFO] [stderr]    Compiling x11-dl v2.18.4
[INFO] [stderr]    Compiling servo-fontconfig-sys v4.0.7
[INFO] [stderr]     Checking encoding_rs v0.8.20
[INFO] [stderr]    Compiling rustc_version v0.2.3
[INFO] [stderr]     Checking stb_truetype v0.3.1
[INFO] [stderr]     Checking deflate v0.7.20
[INFO] [stderr]    Compiling gl_generator v0.11.0
[INFO] [stderr]    Compiling gl_generator v0.13.1
[INFO] [stderr]    Compiling gl_generator v0.10.0
[INFO] [stderr]     Checking tokio-timer v0.2.12
[INFO] [stderr]     Checking tokio-current-thread v0.1.6
[INFO] [stderr]     Checking draw_state v0.8.0
[INFO] [stderr]     Checking idna v0.1.5
[INFO] [stderr]     Checking idna v0.2.0
[INFO] [stderr]    Compiling wayland-scanner v0.21.13
[INFO] [stderr]    Compiling syn v0.14.9
[INFO] [stderr]    Compiling quote v1.0.2
[INFO] [stderr]     Checking num_cpus v1.11.1
[INFO] [stderr]     Checking iovec v0.1.4
[INFO] [stderr]     Checking net2 v0.2.33
[INFO] [stderr]     Checking nix v0.14.1
[INFO] [stderr]     Checking rand_os v0.1.3
[INFO] [stderr]     Checking memmap v0.7.0
[INFO] [stderr]     Checking raw-window-handle v0.3.3
[INFO] [stderr]     Checking socket2 v0.3.11
[INFO] [stderr]     Checking hostname v0.1.5
[INFO] [stderr]     Checking shared_library v0.1.9
[INFO] [stderr]     Checking time v0.1.42
[INFO] [stderr]     Checking dirs v1.0.5
[INFO] [stderr]    Compiling libloading v0.5.2
[INFO] [stderr]    Compiling backtrace-sys v0.1.32
[INFO] [stderr]    Compiling servo-freetype-sys v4.0.5
[INFO] [stderr]    Compiling expat-sys v2.1.6
[INFO] [stderr]    Compiling parking_lot_core v0.6.2
[INFO] [stderr]    Compiling parking_lot v0.9.0
[INFO] [stderr]    Compiling memoffset v0.5.3
[INFO] [stderr]    Compiling parking_lot_core v0.5.0
[INFO] [stderr]    Compiling parking_lot v0.8.0
[INFO] [stderr]    Compiling aho-corasick v0.7.6
[INFO] [stderr]     Checking png v0.15.2
[INFO] [stderr]    Compiling num-derive v0.2.5
[INFO] [stderr]    Compiling enum-as-inner v0.2.1
[INFO] [stderr]    Compiling derive_more v0.14.1
[INFO] [stderr]    Compiling actix_derive v0.4.0
[INFO] [stderr]     Checking gfx_core v0.9.2
[INFO] [stderr]     Checking url v1.7.2
[INFO] [stderr]    Compiling rand_core v0.5.1
[INFO] [stderr]     Checking threadpool v1.7.1
[INFO] [stderr]     Checking url v2.1.0
[INFO] [stderr]     Checking bytes v0.4.12
[INFO] [stderr]     Checking crossbeam-queue v0.2.0
[INFO] [stderr]     Checking mio v0.6.21
[INFO] [stderr]     Checking resolv-conf v0.6.2
[INFO] [stderr]     Checking osmesa-sys v0.1.2
[INFO] [stderr]    Compiling gl v0.11.0
[INFO] [stderr]     Checking approx v0.3.2
[INFO] [stderr]     Checking ordered-float v1.0.2
[INFO] [stderr]     Checking line_drawing v0.7.0
[INFO] [stderr]     Checking euclid v0.20.5
[INFO] [stderr]    Compiling glutin_glx_sys v0.1.5
[INFO] [stderr]    Compiling gfx_gl v0.6.0
[INFO] [stderr]    Compiling glutin_egl_sys v0.1.4
[INFO] [stderr]     Checking regex v1.3.1
[INFO] [stderr]    Compiling wayland-client v0.21.13
[INFO] [stderr]    Compiling wayland-protocols v0.21.13
[INFO] [stderr]    Compiling rand_chacha v0.2.1
[INFO] [stderr]     Checking tokio-io v0.1.12
[INFO] [stderr]     Checking http v0.1.21
[INFO] [stderr]     Checking string v0.2.1
[INFO] [stderr]     Checking serde_urlencoded v0.6.1
[INFO] [stderr]     Checking serde_json v1.0.43
[INFO] [stderr]     Checking rusttype v0.8.2
[INFO] [stderr]     Checking chrono v0.4.10
[INFO] [stderr]     Checking gfx v0.18.2
[INFO] [stderr]    Compiling rand v0.7.2
[INFO] [stderr]     Checking lyon_geom v0.14.1
[INFO] [stderr]     Checking tokio-codec v0.1.1
[INFO] [stderr]     Checking tiff v0.3.1
[INFO] [stderr]     Checking dlib v0.4.1
[INFO] [stderr]     Checking freetype v0.4.1
[INFO] [stderr]     Checking backtrace v0.3.40
[INFO] [stderr]     Checking rusttype v0.7.9
[INFO] [stderr]     Checking actix-codec v0.1.2
[INFO] [stderr]     Checking lyon_path v0.14.0
[INFO] [stderr]     Checking wayland-sys v0.21.13
[INFO] [stderr]     Checking servo-fontconfig v0.4.0
[INFO] [stderr]     Checking h2 v0.1.26
[INFO] [stderr]     Checking tokio-reactor v0.1.11
[INFO] [stderr]     Checking andrew v0.2.1
[INFO] [stderr]     Checking piston2d-graphics v0.35.0
[INFO] [stderr]     Checking crossbeam-deque v0.7.2
[INFO] [stderr]    Compiling palette_derive v0.4.1
[INFO] [stderr]     Checking wayland-commons v0.21.13
[INFO] [stderr]     Checking actix-utils v0.4.7
[INFO] [stderr]     Checking font-kit v0.4.0
[INFO] [stderr]     Checking tokio-tcp v0.1.3
[INFO] [stderr]     Checking tokio-udp v0.1.5
[INFO] [stderr]     Checking actix-server-config v0.1.2
[INFO] [stderr]     Checking rayon v1.2.1
[INFO] [stderr]    Compiling derive_more v0.15.0
[INFO] [stderr]    Compiling synstructure v0.12.3
[INFO] [stderr]     Checking jpeg-decoder v0.1.16
[INFO] [stderr]     Checking gfx_device_gl v0.16.2
[INFO] [stderr]     Checking image v0.22.3
[INFO] [stderr]    Compiling serde_derive v1.0.103
[INFO] [stderr]    Compiling failure_derive v0.1.6
[INFO] [stderr]    Compiling proc-macro-hack v0.5.11
[INFO] [stderr]     Checking actix-threadpool v0.1.2
[INFO] [stderr]     Checking actix-rt v0.2.6
[INFO] [stderr]     Checking smithay-client-toolkit v0.4.6
[INFO] [stderr]     Checking failure v0.1.6
[INFO] [stderr]     Checking trust-dns-proto v0.7.4
[INFO] [stderr]    Compiling const-random-macro v0.1.6
[INFO] [stderr]     Checking const-random v0.1.6
[INFO] [stderr]     Checking ahash v0.2.18
[INFO] [stderr]     Checking winit v0.19.5
[INFO] [stderr]     Checking piston-gfx_texture v0.40.0
[INFO] [stderr]     Checking piston2d-gfx_graphics v0.66.0
[INFO] [stderr]     Checking trust-dns-resolver v0.11.1
[INFO] [stderr]     Checking glutin v0.21.2
[INFO] [stderr]     Checking actix-connect v0.2.5
[INFO] [stderr]     Checking actix-http v0.2.11
[INFO] [stderr]     Checking pistoncore-input v0.28.0
[INFO] [stderr]    Compiling aoc-runner-internal v0.1.0
[INFO] [stderr]    Compiling aoc-runner-derive v0.2.2
[INFO] [stderr]     Checking actix v0.8.3
[INFO] [stderr]     Checking pistoncore-window v0.44.0
[INFO] [stderr]     Checking pistoncore-event_loop v0.49.0
[INFO] [stderr]     Checking pistoncore-glutin_window v0.63.0
[INFO] [stderr]     Checking piston v0.49.0
[INFO] [stderr]     Checking piston_window v0.105.0
[INFO] [stderr]     Checking plotters v0.2.11
[INFO] [stderr]     Checking advent v0.1.0 (/opt/rustwide/workdir)
[INFO] [stdout] error[E0583]: file not found for module `day4`
[INFO] [stdout]  --> src/lib.rs:3:1
[INFO] [stdout]   |
[INFO] [stdout] 3 | mod day4;
[INFO] [stdout]   | ^^^^^^^^^
[INFO] [stdout]   |
[INFO] [stdout]   = help: to create the module `day4`, create file "src/day4.rs"
[INFO] [stdout] 
[INFO] [stdout] 
[INFO] [stdout] error[E0583]: file not found for module `day5`
[INFO] [stdout]  --> src/lib.rs:4:1
[INFO] [stdout]   |
[INFO] [stdout] 4 | mod day5;
[INFO] [stdout]   | ^^^^^^^^^
[INFO] [stdout]   |
[INFO] [stdout]   = help: to create the module `day5`, create file "src/day5.rs"
[INFO] [stdout] 
[INFO] [stdout] 
[INFO] [stdout] error[E0583]: file not found for module `day4`
[INFO] [stdout]  --> src/lib.rs:3:1
[INFO] [stdout]   |
[INFO] [stdout] 3 | mod day4;
[INFO] [stdout]   | ^^^^^^^^^
[INFO] [stdout]   |
[INFO] [stdout]   = help: to create the module `day4`, create file "src/day4.rs"
[INFO] [stdout] 
[INFO] [stdout] 
[INFO] [stdout] error[E0583]: file not found for module `day5`
[INFO] [stdout]  --> src/lib.rs:4:1
[INFO] [stdout]   |
[INFO] [stdout] 4 | mod day5;
[INFO] [stdout]   | ^^^^^^^^^
[INFO] [stdout]   |
[INFO] [stdout]   = help: to create the module `day5`, create file "src/day5.rs"
[INFO] [stdout] 
[INFO] [stdout] 
[INFO] [stdout] error: proc macro panicked
[INFO] [stdout]   --> src/lib.rs:10:1
[INFO] [stdout]    |
[INFO] [stdout] 10 | aoc_lib! { year = 2019 }
[INFO] [stdout]    | ^^^^^^^^^^^^^^^^^^^^^^^^
[INFO] [stdout]    |
[INFO] [stdout]    = help: message: failed to write infos from lib: Os { code: 30, kind: Other, message: "Read-only file system" }
[INFO] [stdout] 
[INFO] [stdout] 
[INFO] [stdout] error[E0432]: unresolved import `crate`
[INFO] [stdout]   --> src/day6.rs:28:1
[INFO] [stdout]    |
[INFO] [stdout] 28 | #[aoc(day6, part1)]
[INFO] [stdout]    | ^^^^^^^^^^^^^^^^^^^ no `Factory` in the root
[INFO] [stdout]    |
[INFO] [stdout]    = note: this error originates in an attribute macro (in Nightly builds, run with -Z macro-backtrace for more info)
[INFO] [stdout] 
[INFO] [stdout] 
[INFO] [stdout] error[E0432]: unresolved import `crate`
[INFO] [stdout]   --> src/day6.rs:56:1
[INFO] [stdout]    |
[INFO] [stdout] 56 | #[aoc(day6, part2)]
[INFO] [stdout]    | ^^^^^^^^^^^^^^^^^^^ no `Factory` in the root
[INFO] [stdout]    |
[INFO] [stdout]    = note: this error originates in an attribute macro (in Nightly builds, run with -Z macro-backtrace for more info)
[INFO] [stdout] 
[INFO] [stdout] 
[INFO] [stdout] error: proc macro panicked
[INFO] [stdout]   --> src/lib.rs:10:1
[INFO] [stdout]    |
[INFO] [stdout] 10 | aoc_lib! { year = 2019 }
[INFO] [stdout]    | ^^^^^^^^^^^^^^^^^^^^^^^^
[INFO] [stdout]    |
[INFO] [stdout]    = help: message: failed to write infos from lib: Os { code: 30, kind: Other, message: "Read-only file system" }
[INFO] [stdout] 
[INFO] [stdout] 
[INFO] [stdout] error[E0432]: unresolved import `crate`
[INFO] [stdout]   --> src/day6.rs:28:1
[INFO] [stdout]    |
[INFO] [stdout] 28 | #[aoc(day6, part1)]
[INFO] [stdout]    | ^^^^^^^^^^^^^^^^^^^ no `Factory` in the root
[INFO] [stdout]    |
[INFO] [stdout]    = note: this error originates in an attribute macro (in Nightly builds, run with -Z macro-backtrace for more info)
[INFO] [stdout] 
[INFO] [stdout] 
[INFO] [stdout] error: aborting due to 5 previous errors
[INFO] [stdout] 
[INFO] [stdout] 
[INFO] [stdout] error[E0432]: unresolved import `crate`
[INFO] [stdout]   --> src/day6.rs:56:1
[INFO] [stdout]    |
[INFO] [stdout] 56 | #[aoc(day6, part2)]
[INFO] [stdout]    | ^^^^^^^^^^^^^^^^^^^ no `Factory` in the root
[INFO] [stdout]    |
[INFO] [stdout]    = note: this error originates in an attribute macro (in Nightly builds, run with -Z macro-backtrace for more info)
[INFO] [stdout] 
[INFO] [stdout] 
[INFO] [stdout] Some errors have detailed explanations: E0432, E0583.
[INFO] [stdout] 
[INFO] [stdout] For more information about an error, try `rustc --explain E0432`.
[INFO] [stdout] 
[INFO] [stderr] error: could not compile `advent`.
[INFO] [stderr] 
[INFO] [stderr] To learn more, run the command again with --verbose.
[INFO] [stderr] warning: build failed, waiting for other jobs to finish...
[INFO] [stdout] error: aborting due to 5 previous errors
[INFO] [stdout] 
[INFO] [stdout] 
[INFO] [stdout] Some errors have detailed explanations: E0432, E0583.
[INFO] [stdout] 
[INFO] [stdout] For more information about an error, try `rustc --explain E0432`.
[INFO] [stdout] 
[INFO] [stderr] error: build failed
[INFO] running `Command { std: "docker" "inspect" "152791c18883e84809ccf2dc04e07188a979541250c5271519f92daaa81bbcd3", kill_on_drop: false }`
[INFO] running `Command { std: "docker" "rm" "-f" "152791c18883e84809ccf2dc04e07188a979541250c5271519f92daaa81bbcd3", kill_on_drop: false }`
[INFO] [stdout] 152791c18883e84809ccf2dc04e07188a979541250c5271519f92daaa81bbcd3
